 base 8?
-1111
-454 (base 12) to base 14
-33a
What is 28c (base 14) in base 12?
370
320 (base 15) to base 5
10310
What is -505342 (base 6) in base 16?
-9c9e
Convert -14677 (base 8) to base 16.
-19bf
Convert 4da (base 16) to base 7.
3423
104 (base 10) to base 5
404
What is 1230333 (base 4) in base 13?
3237
Convert -33644 (base 7) to base 10.
-8558
-602 (base 11) to base 5
-10403
2c14 (base 13) to base 7
24526
What is -763 (base 11) in base 5?
-12131
What is 9482 (base 11) in base 16?
3109
What is -1145 (base 8) in base 7?
-1534
-3a5 (base 11) to base 3
-122201
Convert -10008 (base 9) to base 15.
-1e2e
-1214 (base 8) to base 5
-10102
What is -3850 (base 11) in base 2?
-1001110011000
-40313 (base 5) to base 13
-1239
Convert 1405 (base 6) to base 8.
555
b20 (base 13) to base 10
1885
-1121331 (base 5) to base 6
-233332
What is 22043 (base 5) in base 6?
11015
What is 1431 (base 13) in base 12?
1829
184a (base 13) to base 2
111000011011
Convert 27623 (base 10) to base 12.
13b9b
Convert 41032 (base 5) to base 4.
221102
Convert 243324 (base 5) to base 14.
3502
Convert -6b4c (base 14) to base 13.
-8677
Convert -111220 (base 9) to base 8.
-201727
What is 794 (base 14) in base 9?
2048
What is 7683 (base 9) in base 2?
1011000100000
What is 110220212 (base 3) in base 2?
10010011001011
What is 1201022 (base 4) in base 7?
24062
What is c416 (base 13) in base 16?
69b3
What is -308 (base 9) in base 12?
-18b
Convert 105310 (base 6) to base 7.
35103
-189d6 (base 14) to base 4
-33031300
What is -45053 (base 7) in base 15?
-3572
-2d0 (base 14) to base 10
-574
-340 (base 13) to base 3
-202201
755 (base 14) to base 7
4135
What is -431455 (base 6) in base 2?
-1000101000111011
Convert -130022 (base 6) to base 3.
-121000112
162055 (base 7) to base 12
16597
222020022 (base 3) to base 16
4ab4
What is -21213222 (base 4) in base 7?
-222606
368 (base 9) to base 11
258
What is -34d8 (base 14) in base 9?
-13558
What is -24512 (base 11) in base 3?
-1210022121
What is 381b6 (base 12) in base 11?
52377
Convert -110000001110010 (base 2) to base 8.
-60162
Convert -579 (base 12) to base 8.
-1455
Convert -1212 (base 4) to base 14.
-74
What is 82a1 (base 14) in base 4?
11133111
What is -30332 (base 4) in base 7?
-2264
What is 27633 (base 8) in base 2?
10111110011011
What is 110100101011101 (base 2) in base 12?
13739
Convert -13512 (base 7) to base 11.
-284a
What is -201001 (base 3) in base 12?
-36a
Convert 4318 (base 10) to base 7.
15406
Convert 1420a (base 11) to base 8.
47371
2365 (base 12) to base 3
12102212
-1300404 (base 5) to base 16
-6210
-123661 (base 8) to base 5
-2333204
Convert 1010110001110010 (base 2) to base 11.
30193
What is 13330 (base 4) in base 13?
301
What is -13132 (base 4) in base 16?
-1de
1f93 (base 16) to base 10
8083
Convert -5019 (base 10) to base 2.
-1001110011011
Convert 2600 (base 9) to base 11.
1508
What is -2118 (base 15) in base 12?
-4072
Convert -221134 (base 5) to base 2.
-1110111110101
-2640 (base 11) to base 5
-102212
11441 (base 5) to base 6
4011
455 (base 9) to base 4
11312
34543 (base 8) to base 13
68c1
-42485 (base 10) to base 12
-20705
What is 113034 (base 5) in base 16?
1030
3c0 (base 14) to base 9
1030
115 (base 8) to base 11
70
What is -441 (base 10) in base 14?
-237
51212 (base 7) to base 14
4779
186 (base 13) to base 5
2104
-101122 (base 5) to base 16
-cd7
What is -1047 (base 8) in base 12?
-39b
353 (base 10) to base 3
111002
What is -137c (base 13) in base 6?
-20555
-1622 (base 7) to base 11
-544
Convert -132434 (base 5) to base 16.
-14f9
Convert 100012 (base 3) to base 4.
3320
-2434 (base 5) to base 16
-171
What is -133223 (base 5) in base 14?
-1da6
-213120 (base 4) to base 15
-b30
Convert -16268 (base 9) to base 12.
-655b
What is 20228 (base 11) in base 8?
71562
1133112 (base 4) to base 5
143402
What is 2370 (base 13) in base 3?
20211220
What is -100 (base 16) in base 8?
-400
319 (base 10) to base 6
1251
b11 (base 12) to base 2
11000111101
Convert -71426 (base 8) to base 9.
-44365
Convert -68b6 (base 12) to base 8.
-26612
50 (base 11) to base 2
110111
What is 6a8 (base 11) in base 5?
11334
What is 32302 (base 5) in base 13?
1005
What is 3311322 (base 4) in base 12?
9136
Convert 5614 (base 8) to base 4.
232030
What is 27557 (base 8) in base 2?
10111101101111
Convert -1015 (base 6) to base 14.
-123
What is -34 (base 15) in base 10?
-49
What is -13120 (base 8) in base 9?
-7746
7047 (base 8) to base 15
1118
Convert 1963 (base 15) to base 7.
22005
-142044 (base 7) to base 15
-8089
What is 167b5 (base 13) in base 8?
124102
What is 44681 (base 10) in base 6?
542505
Convert 3443 (base 5) to base 3.
200110
823 (base 9) to base 11
559
What is -5106 (base 12) in base 8?
-21126
What is 100100011101011 (base 2) in base 4?
10203223
-25d (base 16) to base 13
-377
101 (base 2) to base 6
5
41 (base 9) to base 7
52
What is 719 (base 10) in base 7?
2045
Convert -1120022112 (base 3) to base 5.
-1441343
81 (base 12) to base 14
6d
Convert 18227 (base 10) to base 7.
104066
Convert 72 (base 16) to base 7.
222
-122 (base 10) to base 11
-101
Convert 20110 (base 4) to base 5.
4112
Convert 20465 (base 7) to base 14.
1ba5
Convert 12110100 (base 3) to base 9.
5410
-10000111000000 (base 2) to base 14
-3212
79a2 (base 12) to base 9
20475
Convert 70 (base 12) to base 4.
1110
-21043 (base 5) to base 15
-633
-70 (base 13) to base 5
-331
-20120222 (base 3) to base 13
-2258
Convert -155 (base 9) to base 7.
-245
Convert -11023103 (base 4) to base 16.
-52d3
Convert -304341 (base 6) to base 7.
-130630
What is 3401 (base 5) in base 13?
2a8
-2184 (base 11) to base 6
-21151
-201200 (base 5) to base 6
-45425
Convert 1033 (base 6) to base 12.
179
Convert 389 (base 12) to base 13.
324
What is -200000222 (base 3) in base 16?
-335c
What is 1222011 (base 3) in base 14?
747
What is 1067 (base 10) in base 15?
4b2
-110001001011 (base 2) to base 3
-11022120
Convert -102413 (base 5) to base 14.
-13ab
Convert 181d8 (base 15) to base 10.
78053
Convert -8b1 (base 14) to base 4.
-122323
What is 761 (base 11) in base 9?
1225
Convert -7948 (base 13) to base 8.
-41100
Convert -2022010 (base 3) to base 13.
-9c0
What is -312603 (base 7) in base 13?
-1b64b
What is 472 (base 11) in base 2?
1000110011
-6718 (base 13) to base 9
-21654
-1487 (base 10) to base 6
-10515
What is 7fc2 (base 16) in base 15?
9a56
What is -2100002 (base 3) in base 9?
-2302
-644 (base 13) to base 11
-893
Convert -7f7 (base 16) to base 4.
-133313
What is -2300101 (base 4) in base 15?
-3521
Convert -1649 (base 10) to base 14.
-85b
Convert aaab (base 16) to base 5.
2344231
What is 308 (base 11) in base 3?
111202
11011100010 (base 2) to base 11
1362
-16610 (base 9) to base 11
-8651
What is 2d6 (base 16) in base 7?
2055
Convert 4996 (base 12) to base 3.
102102020
What is -1011000011101 (base 2) in base 9?
-7680
What is 7ea1 (base 15) in base 5?
1330201
Convert 1001110011010 (base 2) to base 11.
3852
Convert 11231 (base 4) to base 14.
1c1
-100000111011 (base 2) to base 3
-2220001
11111000100 (base 2) to base 16
7c4
-213 (base 11) to base 14
-144
Convert 1244 (base 7) to base 16.
1d9
Convert -12322 (base 4) to base 5.
-3232
What is 22012 (base 3) in base 4?
3131
What is 33430 (base 5) in base 10?
2365
Convert 68300 (base 9) to base 7.
246324
What is -321341 (base 7) in base 13?
-1c4ab
1484 (base 14) to base 15
112e
What is -12223012 (base 4) in base 3?
-1101111101
What is 225430 (base 6) in base 16?
4bba
What is -174 (base 16) in base 7?
-1041
What is 2046 (base 12) in base 11?
2701
What is -68510 (base 10) in base 12?
-33792
What is 14370 (base 8) in base 6?
45332
1517 (base 13) to base 8
5766
555b (base 14) to base 3
202021110
Convert -73040 (base 8) to base 7.
-154110
1a2 (base 11) to base 4
3221
-96b1 (base 16) to base 6
-454333
Convert -717 (base 10) to base 7.
-2043
Convert 11121202 (base 3) to base 11.
2592
-339 (base 11) to base 13
-252
Convert 3a7 (base 14) to base 3.
1000020
What is -72371 (base 9) in base 5?
-3011232
42432 (base 5) to base 4
230303
-1541 (base 9) to base 12
-817
-5485 (base 11) to base 2
-1110001000000
What is 1010000011 (base 2) in base 3?
212211
213040 (base 5) to base 10
7270
-230532 (base 6) to base 15
-5c45
Convert -90a7 (base 12) to base 3.
-210111201
Convert -1001000110010 (base 2) to base 4.
-10